{"id":3020,"date":"2025-05-07T16:29:02","date_gmt":"2025-05-07T14:29:02","guid":{"rendered":"https:\/\/benedetto.deutsches-ehrenamt.de\/vereinsmagazin\/?page_id=3020"},"modified":"2025-05-07T16:29:02","modified_gmt":"2025-05-07T14:29:02","slug":"vereinbarung-verarbeitung-personenbezogener-daten","status":"publish","type":"page","link":"https:\/\/benedetto.deutsches-ehrenamt.de\/vereinsmagazin\/vereinbarung-verarbeitung-personenbezogener-daten\/","title":{"rendered":"Vereinbarung \u00fcber die Verarbeitung personenbezogener Daten in gemeinsamer Verantwortlichkeit"},"content":{"rendered":"\n<div style=\"height:50px\" aria-hidden=\"true\" class=\"wp-block-spacer\"><\/div>\n\n\n\n<div class=\"wp-block-group\"><div class=\"wp-block-group__inner-container is-layout-constrained wp-block-group-is-layout-constrained\">\n<h1 class=\"wp-block-heading\">Vereinbarung \u00fcber die Verarbeitung personenbezogener Daten in gemeinsamer Verantwortlichkeit<\/h1>\n\n\n\n<p>zwischen<\/p>\n\n\n\n<p><strong>Deutsches Ehrenamt Service GmbH<\/strong><\/p>\n\n\n\n<p>M\u00fchlfelder Str. 20<\/p>\n\n\n\n<p>82211 Herrsching am Ammersee<\/p>\n\n\n\n<p>&#8211; im Folgenden \u201e<strong>Service GmbH<\/strong>\u201c &#8211;<\/p>\n\n\n\n<p>und<\/p>\n\n\n\n<p><strong>Stiftung Deutsches Ehrenamt gGmbH<\/strong><\/p>\n\n\n\n<p>Leonrodstr. 68<\/p>\n\n\n\n<p>80636 M\u00fcnchen<\/p>\n\n\n\n<p>&#8211; im Folgenden \u201e<strong>Stiftung<\/strong>\u201c &#8211;<\/p>\n\n\n\n<p>&#8211; im Folgenden gemeinsam \u201e<strong>die Parteien<\/strong>\u201c &#8211;<\/p>\n\n\n\n<div style=\"height:50px\" aria-hidden=\"true\" class=\"wp-block-spacer\"><\/div>\n\n\n\n<p><strong>Pr\u00e4ambel<\/strong><\/p>\n\n\n\n<p>Die Parteien betreiben gemeinsam die Website <a href=\"http:\/\/www.deutsches-ehrenamt.de\">www.deutsches-ehrenamt.de<\/a>. Die Service GmbH ist Inhaberin der Domain, hat der Stiftung vertraglich aber umfassende Nutzungsrechte einger\u00e4umt. Die Service GmbH betreibt lediglich den Teil \u201eVereins-Schutzbrief\u201c. Vor diesem Hintergrund schlie\u00dfen die Parteien hinsichtlich der Datenverarbeitung folgende Vereinbarung.<\/p>\n\n\n\n<p><strong>\u00a71 Verantwortliche<\/strong><\/p>\n\n\n\n<p>(1) Diese Vereinbarung regelt die Rechte und Pflichten der Parteien bei der gemeinsamen Verarbeitung personenbezogener Daten im Rahmen der nachfolgend n\u00e4her festgelegten Verarbeitungst\u00e4tigkeiten. Diese Vereinbarung gilt f\u00fcr alle T\u00e4tigkeiten, bei denen Besch\u00e4ftigte der Parteien oder ein durch sie beauftragter Auftragsverarbeiter personenbezogene Daten f\u00fcr die Parteien verarbeiten.<\/p>\n\n\n\n<p>(2) Die Parteien sind sich dar\u00fcber einig, dass sie bei den nachfolgend n\u00e4her beschriebenen Verarbeitungst\u00e4tigkeiten gemeinsam \u00fcber Zwecke und Mittel der Verarbeitung bestimmen und insoweit eine gemeinsame Verantwortlichkeit f\u00fcr festgelegte Prozessabschnitte besteht.<\/p>\n\n\n\n<p>(3) Im Rahmen des Betriebs der Website <a href=\"http:\/\/www.deutsches-ehrenamt.de\">www.deutsches-ehrenamt.de<\/a> werden personenbezogene Daten verarbeitet. Gegenstand der Verarbeitung ist der Betrieb dieser Website.<\/p>\n\n\n\n<p>(4) Diese Vereinbarung gilt f\u00fcr die Datenverarbeitung beim Betrieb der aktuell bereits bestehenden Unterseite auf der Website, die sich auf das Angebot und den Verkauf des Vereins-Schutzbriefs bezieht. Dies ist folgende Seite: <a href=\"https:\/\/deutsches-ehrenamt.de\/vereins-schutzbrief\/\">https:\/\/deutsches-ehrenamt.de\/vereins-schutzbrief\/<\/a>. Diese Vereinbarung bezieht sich zudem auf k\u00fcnftige von der Service GmbH betriebene Unterseiten.<\/p>\n\n\n\n<p>(5) F\u00fcr die Website im \u00dcbrigen, bei der keine gemeinsame Festlegung der Zwecke und Mittel einzelner Phasen der Datenverarbeitung besteht, ist die Stiftung eigenst\u00e4ndige Verantwortliche im Sinne des Art.&nbsp;4&nbsp;Nr.&nbsp;7&nbsp;DSGVO.<\/p>\n\n\n\n<p><strong>\u00a72 Wirkbereiche<\/strong><\/p>\n\n\n\n<p>(1) Im Rahmen der gemeinsamen Verantwortlichkeit ist die Service GmbH f\u00fcr die Verarbeitung personenbezogener Daten wie folgt zust\u00e4ndig (Wirkbereich A):<\/p>\n\n\n\n<ul class=\"wp-block-list\">\n<li>Verarbeitung von Stammdaten (Name, Adresse Kontaktdaten) von Kunden, inklusive der Bankverbindung\/Kontodaten und Haushaltssumme zur Beitragsverwaltung zum Zwecke der Kundenverwaltung, Rechtsgrundlage ist Art.&nbsp;6 Abs.&nbsp;1 S.&nbsp;1 lit. b DSGVO.<\/li>\n<\/ul>\n\n\n\n<ul class=\"wp-block-list\">\n<li>\u00dcbermittlung von Stammdaten der Kunden an die GEMA zum Zwecke des Erhalts von Rabatten, Rechtsgrundlage ist Art. 6 Abs. 1 S. 1 lit. b DSGVO.<\/li>\n<\/ul>\n\n\n\n<ul class=\"wp-block-list\">\n<li>\u00dcbermittlung von Stammdaten der Kunden an die Partneranw\u00e4lte zum Zwecke der Beratung, Rechtsgrundlage hierf\u00fcr ist Art.&nbsp;6 Abs.&nbsp;1 S.&nbsp;1 lit. b DSGVO.<\/li>\n<\/ul>\n\n\n\n<p>Im Rahmen der gemeinsamen Verantwortlichkeit ist die Stiftung f\u00fcr die Verarbeitung personenbezogener Daten wie folgt zust\u00e4ndig (Wirkbereich B):<\/p>\n\n\n\n<ul class=\"wp-block-list\">\n<li>Verarbeitung von IP-Adresse, Datum und Uhrzeit der Anfrage, Zeitzonendifferenz zur Greenwich Mean Time (GMT), Inhalt der Anforderung (besuchte Seite), Zugriffsstatus\/HTTP-Statuscode, jeweils \u00fcbertragene Datenmenge, vorher besuchte Seite, Browser, Betriebssystem, Sprache und Version der Browsersoftware der Website-Besucher zum Zwecke des Betriebs der Website, Rechtsgrundlage ist Art. 6 Abs. 1 S. 1 lit. f DSGVO.<\/li>\n\n\n\n<li>Verarbeitung von E-Mail-Adressen zum Zwecke des Versands eines Newsletters, Rechtsgrundlage ist Art. 6 Abs. 1 S. 1 lit. a DSGVO.<\/li>\n<\/ul>\n\n\n\n<p>(2) Die Parteien erkl\u00e4ren einvernehmlich, dass diese Vereinbarung die jeweiligen tats\u00e4chlichen Funktionen und Beziehungen der gemeinsam Verantwortlichen gegen\u00fcber betroffenen Personen geb\u00fchrend widerspiegelt.<\/p>\n\n\n\n<p><strong>\u00a73 Zuweisung der datenschutzrechtlichen Verpflichtungen<\/strong><\/p>\n\n\n\n<p>(1) Jede Partei ist f\u00fcr die Umsetzung der Verpflichtungen gem\u00e4\u00df der DSGVO, insbesondere der Informationspflichten sowie der Rechte der betroffenen Personen, in ihrem Wirkbereich zust\u00e4ndig. Diesbez\u00fcgliche Informationen und Mitteilungen gegen\u00fcber betroffenen Personen sind in pr\u00e4ziser, transparenter, verst\u00e4ndlicher und leicht zug\u00e4nglicher Form in einer klaren und einfachen Sprache zu gestalten.<\/p>\n\n\n\n<p>(2) Ungeachtet dieser Festlegung k\u00f6nnen betroffene Personen ihre Betroffenenrechte bei und gegen\u00fcber jeder Partei geltend machen. Die Parteien verpflichten sich, einander s\u00e4mtliche f\u00fcr die Beantwortung von Auskunftsersuchen notwendigen Informationen zur Verf\u00fcgung zu stellen.<\/p>\n\n\n\n<p>(3) Soweit sich eine betroffene Person an eine der Parteien in Wahrnehmung ihrer Betroffenenrechte wendet, insbesondere wegen Auskunft oder Berichtigung und L\u00f6schung ihrer personenbezogenen Daten, verpflichten sich die Parteien, dieses Ersuchen unverz\u00fcglich unabh\u00e4ngig von der Pflicht zur Gew\u00e4hrleistung des Betroffenenrechtes an die andere Partei weiterzuleiten. Diese ist verpflichtet, der anfragenden Partei die zur Bearbeitung des Ersuchens notwendigen Informationen aus ihrem Wirkbereich unverz\u00fcglich zur Verf\u00fcgung zu stellen.<\/p>\n\n\n\n<p>(4) Sollen personenbezogene Daten gel\u00f6scht werden, informieren sich die Parteien zuvor gegenseitig. Die jeweils andere Partei kann der L\u00f6schung aus berechtigtem Grund widersprechen, etwa sofern sie eine gesetzliche Aufbewahrungspflicht trifft.<\/p>\n\n\n\n<p>(5) Die zust\u00e4ndigen Ansprechpartner der Parteien sind:<\/p>\n\n\n\n<p>Ansprechpartner der Service GmbH: Annika Reiter<\/p>\n\n\n\n<p>Ansprechpartner der Stiftung: Michaela Horn<\/p>\n\n\n\n<p><strong>\u00a74 Grunds\u00e4tze der gemeinsamen Verarbeitung<\/strong><\/p>\n\n\n\n<p>(1) Jede Partei gew\u00e4hrleistet die Einhaltung der gesetzlichen Bestimmungen, insbesondere die Rechtm\u00e4\u00dfigkeit der durch sie im Rahmen der gemeinsamen Verantwortlichkeit durchgef\u00fchrten Datenverarbeitungen. Die Verarbeitung kann nur bei Vorliegen einer entsprechenden Rechtsgrundlage erfolgen.<\/p>\n\n\n\n<p>(2) Die Parteien speichern die personenbezogenen Daten in einem strukturierten g\u00e4ngigen und maschinenlesbaren Format.<\/p>\n\n\n\n<p>(3) Die Parteien tragen daf\u00fcr Sorge, dass nur personenbezogene Daten erhoben werden, die f\u00fcr die rechtm\u00e4\u00dfige Prozessabwicklung zwingend erforderlich sind. Im \u00dcbrigen beachten die Parteien den Grundsatz der Datenminimierung im Sinne von Art.&nbsp;5&nbsp;Abs.&nbsp;1&nbsp;lit.&nbsp;c DSGVO.<\/p>\n\n\n\n<p><strong>\u00a75 Technisch-organisatorische Ma\u00dfnahmen<\/strong><\/p>\n\n\n\n<p>(1) Die Parteien stellen innerhalb ihres Wirkbereichs sicher, dass die nach Art.&nbsp;24, 25, 32&nbsp;DSGVO jeweils erforderlichen technischen und organisatorischen Ma\u00dfnahmen implementiert und eingehalten werden.<\/p>\n\n\n\n<p>(2) Die Parteien stellen innerhalb ihres Wirkbereiches sicher, dass alle mit der Datenverarbeitung befassten Mitarbeitenden die Vertraulichkeit der Daten gem\u00e4\u00df Art.&nbsp;28&nbsp;Abs. 3, 29 und 32 DSGVO f\u00fcr die Zeit ihrer T\u00e4tigkeit wie auch nach Beendigung des Besch\u00e4ftigungsverh\u00e4ltnisses wahren sowie in die f\u00fcr sie relevanten Bestimmungen zum Datenschutz eingewiesen werden.<\/p>\n\n\n\n<p>(3) Die Parteien haben eigenst\u00e4ndig daf\u00fcr Sorge zu tragen, dass sie s\u00e4mtliche in Bezug auf die Daten bestehenden gesetzlichen Aufbewahrungspflichten einhalten. Sie haben hierzu angemessene Datensicherheitsvorkehrungen (Art.&nbsp;32 ff. DSGVO) zu treffen. Dies gilt insbesondere im Falle der Beendigung der Zusammenarbeit.<\/p>\n\n\n\n<p>(4) Die Parteien ergreifen alle erforderlichen technischen und organisatorischen Ma\u00dfnahmen, damit die Rechte der betroffenen Personen, insbesondere nach den Art.&nbsp;12 bis 22&nbsp;DSGVO, innerhalb der gesetzlichen Fristen jederzeit gew\u00e4hrleistet werden k\u00f6nnen bzw. sind.<\/p>\n\n\n\n<p><strong>\u00a76 Auftragsverarbeitung<\/strong><\/p>\n\n\n\n<p>(1) Die Parteien verpflichten sich, beim Einsatz von Auftragsverarbeitern im Anwendungsbereich dieser Vereinbarung einen Vertrag nach Art.&nbsp;28 DSGVO abzuschlie\u00dfen und die schriftliche Zustimmung der anderen Vertragspartei vor Abschluss des Vertrages einzuholen. Sollte ein Auftragsverarbeiter von mehreren Vertragspartnern gleichzeitig in Anspruch genommen werden, so verpflichten sich diese, im Rahmen des Auftragsverarbeitungsverh\u00e4ltnisses klarzustellen, in wessen Wirkbereich die jeweilige Datenverarbeitung im Auftrag erfolgt.<\/p>\n\n\n\n<p>(2) Die Parteien informieren sich gegenseitig rechtzeitig \u00fcber jede beabsichtigte \u00c4nderung in Bezug auf die Hinzuziehung oder Ersetzung von als Subunternehmer eingesetzten Auftragsverarbeitern und beauftragen nur solche Subunternehmer, die die Anforderungen des Datenschutzrechts und die Festlegungen dieser Vereinbarung erf\u00fcllen.<\/p>\n\n\n\n<p><strong>\u00a77 Melde- und Benachrichtigungspflichten<\/strong><\/p>\n\n\n\n<p>(1) Den Parteien obliegen die aus Art.&nbsp;33,&nbsp;34&nbsp;DSGVO resultierenden Melde- und Benachrichtigungspflichten gegen\u00fcber der Aufsichtsbeh\u00f6rde und den von einer Verletzung des Schutzes personenbezogener Daten betroffenen Personen f\u00fcr ihren jeweiligen Wirkbereich. Die Parteien verpflichten sich gegenseitig, auch im Interesse der jeweils anderen Vertragsparteien, den Pflichten nach Art.&nbsp;33, 34 DSGVO unverz\u00fcglich nachzukommen.<\/p>\n\n\n\n<p>(2) Die Parteien informieren sich unverz\u00fcglich gegenseitig \u00fcber die Meldung von Verletzungen des Schutzes personenbezogener Daten an die Aufsichtsbeh\u00f6rde nach Art.&nbsp;33 DSGVO und leiten sich die zur Durchf\u00fchrung der Meldung erforderlichen Informationen jeweils unverz\u00fcglich zu.<\/p>\n\n\n\n<p>(3) Ist eine Benachrichtigung der von einer Verletzung des Schutzes personenbezogener Daten betroffenen Person nach Art.&nbsp;34 DSGVO erforderlich, so informieren und unterst\u00fctzen sich die Parteien gegenseitig und f\u00fchren die Benachrichtigung gegebenenfalls gemeinsam durch.<\/p>\n\n\n\n<p><strong>\u00a78 Dokumentation<\/strong><\/p>\n\n\n\n<p>Dokumentationen im Sinne von Art.&nbsp;5 Abs. 2 DSGVO, die dem Nachweis der ordnungsgem\u00e4\u00dfen Datenverarbeitung dienen, werden durch jede Partei entsprechend den rechtlichen Befugnissen und Verpflichtungen \u00fcber das Ende der Vereinbarung hinaus aufbewahrt.<\/p>\n\n\n\n<p><strong>\u00a79 Bekanntgabe an betroffene Personen<\/strong><\/p>\n\n\n\n<p>Die Parteien verpflichten sich, den wesentlichen Inhalt der Vereinbarung \u00fcber die gemeinsame datenschutzrechtliche Verantwortlichkeit gem\u00e4\u00df Art.&nbsp;26 Abs. 2 Satz&nbsp;2 DSGVO den betroffenen Personen auf der Website www.deutsches-ehrenamt.de zur Verf\u00fcgung zu stellen.<\/p>\n\n\n\n<p><strong>\u00a710 Datenschutz-Folgenabsch\u00e4tzung<\/strong><\/p>\n\n\n\n<p>Ist eine Datenschutz-Folgenabsch\u00e4tzung gem\u00e4\u00df Art.&nbsp;35 DSGVO erforderlich, unterst\u00fctzen sich die Parteien gegenseitig.<\/p>\n\n\n\n<p><strong>\u00a711 Schadensersatz<\/strong><\/p>\n\n\n\n<p>(1) Unbeschadet der Regelungen dieser Vereinbarung haften die Parteien f\u00fcr den Schaden, der durch eine nicht der DSGVO entsprechende Verarbeitung verursacht wird, im Au\u00dfenverh\u00e4ltnis gem\u00e4\u00df Art.&nbsp;82 Abs. 4 DSGVO gemeinsam gegen\u00fcber den betroffenen Personen.<\/p>\n\n\n\n<p>(2) Im Innenverh\u00e4ltnis haften die Parteien, unbeschadet der Regelungen dieser Vereinbarung, nur f\u00fcr Sch\u00e4den, die innerhalb ihres jeweiligen Prozessabschnittes entstanden sind.<\/p>\n\n\n\n<p>(3) F\u00fcr den Fall einer Inanspruchnahme hinsichtlich etwaiger Schadensersatzanspr\u00fcche nach Art.&nbsp;82 DSGVO verpflichten sich die Parteien, sich gegenseitig bei der Abwehr der Anspr\u00fcche im Rahmen ihrer M\u00f6glichkeiten zu unterst\u00fctzen.<\/p>\n\n\n\n<p><strong><strong>\u00a71<\/strong>2 Schlussbestimmungen<\/strong><\/p>\n\n\n\n<p>(1) Die Parteien informieren sich gegenseitig unverz\u00fcglich und vollst\u00e4ndig, wenn sie bei der Pr\u00fcfung der Verarbeitungst\u00e4tigkeiten Fehler oder Unregelm\u00e4\u00dfigkeiten hinsichtlich datenschutzrechtlicher Bestimmungen feststellen.<\/p>\n\n\n\n<p>(2) Die Parteien informieren sich unverz\u00fcglich gegenseitig, wenn eine Datenschutzaufsichtsbeh\u00f6rde sich an sie wendet und dies eine Verarbeitung betrifft, die von dieser Vereinbarung umfasst ist.<\/p>\n\n\n\n<p>(3) \u00c4nderungen und Erg\u00e4nzungen dieser Vereinbarung bed\u00fcrfen zu ihrer Wirksamkeit der Schriftform. Dies gilt auch f\u00fcr eine \u00c4nderung dieser Klausel selbst.<\/p>\n\n\n\n<p>(4) Sollten einzelne Bestimmungen dieser Vereinbarung ganz oder teilweise unwirksam oder nichtig sein oder werden, so wird dadurch die Wirksamkeit des Vertrages im \u00dcbrigen nicht ber\u00fchrt. Die Parteien verpflichten sich, die unwirksame oder nichtige Bestimmung durch diejenige wirksame Bestimmung zu ersetzen, die dem rechtlich und vor allem wirtschaftlich Gewollten rechtswirksam m\u00f6glichst nahekommt.<\/p>\n\n\n\n<p>(5) Sind Bestimmungen dieser Vereinbarung auslegungs- oder erg\u00e4nzungsbed\u00fcrftig, erfolgt die Auslegung oder Erg\u00e4nzung unter weitestgehender Ber\u00fccksichtigung von Zweck und Inhalt des Vertrages; sowie dem mutma\u00dflichen Willen der Parteien, wenn diese die Auslegungs- oder Erg\u00e4nzungsbed\u00fcrftigkeit erkannt h\u00e4tten. Gleiches gilt f\u00fcr den Fall von Regelungsl\u00fccken.<\/p>\n\n\n\n<p>&#8230;&#8230;&#8230;&#8230;&#8230;&#8230;&#8230;&#8230;&#8230;&#8230;&#8230;&#8230;&#8230;&#8230;&#8230;..\u00a0\u00a0\u00a0\u00a0\u00a0\u00a0\u00a0\u00a0\u00a0\u00a0\u00a0\u00a0\u00a0\u00a0\u00a0\u00a0\u00a0\u00a0\u00a0\u00a0\u00a0\u00a0\u00a0\u00a0\u00a0\u00a0\u00a0\u00a0\u00a0\u00a0\u00a0\u00a0\u00a0\u00a0\u00a0\u00a0\u00a0\u00a0\u00a0\u00a0\u00a0\u00a0\u00a0\u00a0\u00a0&#8230;&#8230;&#8230;&#8230;&#8230;&#8230;&#8230;&#8230;&#8230;&#8230;&#8230;&#8230;&#8230;&#8230;&#8230;&#8230;.<\/p>\n\n\n\n<p>Ort, Datum &nbsp;&nbsp;&nbsp;&nbsp;&nbsp;&nbsp;&nbsp;&nbsp;&nbsp;&nbsp;&nbsp;&nbsp;&nbsp;&nbsp;&nbsp;&nbsp;&nbsp;&nbsp;&nbsp;&nbsp;&nbsp;&nbsp;&nbsp;&nbsp;&nbsp;&nbsp;&nbsp;&nbsp;&nbsp;&nbsp;&nbsp;&nbsp;&nbsp;&nbsp;&nbsp;&nbsp;&nbsp;&nbsp;&nbsp;&nbsp;&nbsp;&nbsp;&nbsp;&nbsp;&nbsp;&nbsp;&nbsp;&nbsp;&nbsp;&nbsp;&nbsp;&nbsp;&nbsp;&nbsp;&nbsp;&nbsp;&nbsp;&nbsp;&nbsp;&nbsp;&nbsp;&nbsp;&nbsp;&nbsp;&nbsp;&nbsp;&nbsp;&nbsp;&nbsp;&nbsp;&nbsp;&nbsp;&nbsp;&nbsp; Service GmbH<\/p>\n\n\n\n<p>&#8230;&#8230;&#8230;&#8230;&#8230;&#8230;&#8230;&#8230;&#8230;&#8230;&#8230;&#8230;&#8230;&#8230;&#8230;..\u00a0\u00a0\u00a0\u00a0\u00a0\u00a0\u00a0\u00a0\u00a0\u00a0\u00a0\u00a0\u00a0\u00a0\u00a0\u00a0\u00a0\u00a0\u00a0\u00a0\u00a0\u00a0\u00a0\u00a0\u00a0\u00a0\u00a0\u00a0\u00a0\u00a0\u00a0\u00a0\u00a0\u00a0\u00a0\u00a0\u00a0\u00a0\u00a0\u00a0\u00a0\u00a0\u00a0\u00a0\u00a0&#8230;&#8230;&#8230;&#8230;&#8230;&#8230;&#8230;&#8230;&#8230;&#8230;&#8230;&#8230;&#8230;&#8230;&#8230;&#8230;.<\/p>\n\n\n\n<p>Ort, Datum&nbsp;&nbsp;&nbsp;&nbsp;&nbsp;&nbsp;&nbsp;&nbsp;&nbsp;&nbsp;&nbsp;&nbsp;&nbsp;&nbsp;&nbsp;&nbsp;&nbsp;&nbsp;&nbsp;&nbsp;&nbsp;&nbsp;&nbsp;&nbsp;&nbsp;&nbsp;&nbsp;&nbsp;&nbsp;&nbsp;&nbsp;&nbsp;&nbsp;&nbsp;&nbsp;&nbsp;&nbsp;&nbsp;&nbsp;&nbsp;&nbsp;&nbsp;&nbsp;&nbsp;&nbsp;&nbsp;&nbsp;&nbsp;&nbsp;&nbsp;&nbsp;&nbsp;&nbsp;&nbsp;&nbsp;&nbsp;&nbsp;&nbsp;&nbsp;&nbsp;&nbsp;&nbsp;&nbsp;&nbsp;&nbsp;&nbsp;&nbsp;&nbsp;&nbsp;&nbsp;&nbsp;&nbsp;&nbsp;&nbsp;&nbsp; Stiftung<\/p>\n<\/div><\/div>\n","protected":false},"excerpt":{"rendered":"<p>Vereinbarung \u00fcber die Verarbeitung personenbezogener Daten in gemeinsamer Verantwortlichkeit zwischen Deutsches Ehrenamt Service GmbH &#8230;<\/p>\n","protected":false},"author":2,"featured_media":0,"parent":0,"menu_order":0,"comment_status":"closed","ping_status":"closed","template":"","meta":{"_acf_changed":false,"_seopress_robots_primary_cat":"","_seopress_titles_title":"","_seopress_titles_desc":"","_seopress_robots_index":"","footnotes":""},"class_list":["post-3020","page","type-page","status-publish"],"acf":[],"_links":{"self":[{"href":"https:\/\/benedetto.deutsches-ehrenamt.de\/vereinsmagazin\/wp-json\/wp\/v2\/pages\/3020","targetHints":{"allow":["GET"]}}],"collection":[{"href":"https:\/\/benedetto.deutsches-ehrenamt.de\/vereinsmagazin\/wp-json\/wp\/v2\/pages"}],"about":[{"href":"https:\/\/benedetto.deutsches-ehrenamt.de\/vereinsmagazin\/wp-json\/wp\/v2\/types\/page"}],"author":[{"embeddable":true,"href":"https:\/\/benedetto.deutsches-ehrenamt.de\/vereinsmagazin\/wp-json\/wp\/v2\/users\/2"}],"replies":[{"embeddable":true,"href":"https:\/\/benedetto.deutsches-ehrenamt.de\/vereinsmagazin\/wp-json\/wp\/v2\/comments?post=3020"}],"version-history":[{"count":2,"href":"https:\/\/benedetto.deutsches-ehrenamt.de\/vereinsmagazin\/wp-json\/wp\/v2\/pages\/3020\/revisions"}],"predecessor-version":[{"id":3024,"href":"https:\/\/benedetto.deutsches-ehrenamt.de\/vereinsmagazin\/wp-json\/wp\/v2\/pages\/3020\/revisions\/3024"}],"wp:attachment":[{"href":"https:\/\/benedetto.deutsches-ehrenamt.de\/vereinsmagazin\/wp-json\/wp\/v2\/media?parent=3020"}],"curies":[{"name":"wp","href":"https:\/\/api.w.org\/{rel}","templated":true}]}}